h) = -h**3 + 4*h**2 + h + 2. Let f be w(6). Let t = -26 - f. Suppose -t = -a - a. Is a composite?
False
Let a = -515 + 986. Suppose -a = -4*o + 205. Is o composite?
True
Let f(a) = -2*a + 2. Let b be f(5). Is 253/3*(-5 - b) composite?
True
Let u = 20 + -15. Suppose -v - v = -f - 284, u*v = 2*f + 711. Is v a composite number?
True
Let x = 146 + -74. Suppose -p - 21 = -x. Is p composite?
True
Let s(d) = -3*d**2 + 2*d + 2. Let n be s(-3). Let g = n + 44. Is g a prime number?
True
Let q be ((-26)/(-3))/((-2)/(-6)). Suppose 5*n = -9 - q. Let p = n + 38. Is p composite?
False
Is (-6)/33 - (-9477)/33 a composite number?
True
Suppose 4*y - 8*y = -5572. Is y a prime number?
False
Let j = -1038 - -1477. Is j a prime number?
True
Let d = 147 - 47. Suppose -f + d = 23. Is f composite?
True
Let z = -4 - -7. Suppose 3*b - 2*d - 54 = d, -4*d = z*b - 89. Is b a composite number?
False
Suppose 3*l - 171 = 2*p - 4*p, -5*p - 3*l + 432 = 0. Is p prime?
False
Let h = 68 + -10. Is h a composite number?
True
Let m(z) be the third derivative of -23*z**4/12 - z**3/2 + z**2. Is m(-2) composite?
False
Let p = 6 - 6. Let b(w) = w + 35. Is b(p) composite?
True
Let q(k) = k**2 + 2*k + 6. Let h be q(0). Suppose h*s + 95 = 7*s. Is s a composite number?
True
Is 1434/22 + 2/(-11) prime?
False
Let g = -23 - -28. Is (790/(-4))/(g/(-10)) prime?
False
Let d = -1 + 5. Suppose d*f - 218 = 2*t, -f = -t - 0*t - 56. Is f prime?
True
Let h be (-14*2/(-4))/(-1). Let g be (-2 + 1)*0/(-1). Let a = g - h. Is a prime?
True
Let k = -7 + 10. Suppose -2*l + k + 43 = 0. Is l prime?
True
Let f = 704 - 327. Is f composite?
True
Let j(k) = 3*k**3 - 3*k + 1. Let v(b) = b - 3. Let n(g) = 3*g - 1. Let t be n(2). Let p be v(t). Is j(p) composite?
False
Let g(p) = p**2 + 2*p + 1. Let f be g(-5). Suppose -4*y = f, 0 = 2*h + 3*h + 3*y - 473. Is h composite?
False
Let x(y) be the third derivative of -y**6/120 + 2*y**5/15 + 5*y**3/6 + y**2. Let i(q) = -q**2 + q + 6. Let n be i(0). Is x(n) composite?
True
Let b(s) be the second derivative of -s**3/6 + 6*s**2 - 5*s. Is b(-9) a composite number?
True
Let v be 4/((-2)/(-3)*3). Let w = v + 0. Let g(b) = 3*b + 1. Is g(w) a prime number?
True
Let m = 7 + -3. Suppose 37 = 3*h + m*u, -h + 10 + 4 = u. Is h composite?
False
Let k be (-4)/(-6) - 35/(-15). Suppose k*j - 46 = j. Suppose -5*a = 25, -3*x + 5*a - j + 111 = 0. Is x prime?
False
Suppose -5*h - 1 - 3 = -2*m, -h - 4*m - 14 = 0. Is (-2 - 227/h)*2 composite?
False
Let x(j) = -j**2 - 6*j + 6. Let a be x(-6). Suppose 15 = -w + 4*w. Suppose 0 = y - w - a. Is y prime?
True
Let t(x) = -4 + 3*x + x - 2*x. Let r be t(-3). Is (-2)/(-5) - 366/r composite?
False
Suppose 5*q + 12 = u - 11, -3*u + 2*q + 69 = 0. Is u prime?
True
Let p(z) = z**3 + 8*z**2 + 6*z + 6. Is p(-7) prime?
True
Let n = 69 - 25. Let d be -28*((-6)/4)/3. Let y = d + n. Is y prime?
False
Suppose 3*a + 0*a - 543 = 0. Is a composite?
False
Suppose 2*b = b - 5*i + 22, 3*i - 18 = -3*b. Let p be 3 - (24 - 6/b). Is 9/2*(-12)/p a composite number?
False
Suppose -17*z - 13933 + 73654 = 0. Is z a prime number?
False
Is (2878/3)/(46/69) prime?
True
Is 42*(-7)/(-2) + 2 a prime number?
True
Is 2586/4*50/15 a composite number?
True
Let c = 350 - -93. Is c a composite number?
False
Suppose 1 + 4 = -n. Let b = 24 + n. Let x = 4 + b. Is x prime?
True
Suppose p + 3*k + 7 + 4 = 0, 3*p = k + 17. Let o = 21 + -19. Is o + -166*(-2)/p a prime number?
False
Let l be 22/(-1) + 3 + 3. Let p(t) = t**3 + 17*t**2 + 10*t - 7. Is p(l) a prime number?
True
Let h be (-13)/(-1) + (-3)/(-3). Suppose 5*a - 67 = 4*v + 423, -2*v = 4*a - 366. Is 12/42 + a/h a prime number?
True
Let w(j) = 2*j**3 - 14*j**2 - 15*j + 18. Is w(11) composite?
False
Suppose -3*u = 2*k - 789, k - 6*u - 417 = -3*u. Suppose 0*p - 3*p = -k. Is p prime?
False
Suppose 4*i - 3455 = 3*a - 4*a, -a - 4312 = -5*i. Is i prime?
True
Suppose 2*s + 2 = -0. Is (305 + s - -2) + 1 a composite number?
False
Is 49/3*(-8 - -11) composite?
True
Suppose 5*h + 2*z - 601 = 0, 2*h + 3*z = -0*z + 236. Suppose -343 + h = -2*k. Is k composite?
True
Let u = 16 - 2. Is 2/4 + 175/u composite?
False
Let k(n) = -2 + 7 - 2*n**3 + 0*n**2 - 7*n**2. Is k(-6) a prime number?
False
Let z(j) = 101*j - 4. Is z(1) prime?
True
Let m(z) = -z - 3. Let a be m(-5). Suppose u + 6*i - 115 = a*i, 0 = 2*i. Is u composite?
True
Suppose -3*a - 175 = -4*a - 5*j, 5*a = -j + 803. Let t = -252 + a. Let m = t + 207. Is m composite?
True
Let b = -115 - -702. Is b composite?
False
Let h be ((-5)/4)/(5/(-20)). Let k = h - -14. Suppose -98 - k = -3*a. Is a prime?
False
Suppose -3*l - l = -3*p - 611, 5*p = -5*l + 720. Is l a composite number?
False
Is (-801)/6*6/(-9) prime?
True
Let f = -11 - -20. Let r = f - -10. Is r a prime number?
True
Let f be 6 + -3 - (2 + 1). Suppose f = u + k - 4*k - 310, 0 = u - 2*k - 309. Is u a prime number?
True
Suppose 387 = 3*b - 2*b - 2*n, -2*n = -5*b + 1895. Is b a composite number?
True
Let c = 647 + -280. Is c prime?
True
Suppose -1226 = -9*l + 7*l. Is l a composite number?
False
Suppose 10*k + 12481 = 46071. Is k composite?
False
Suppose -3*m = -3*k - 2*m + 763, 1011 = 4*k + 5*m. Is k a composite number?
True
Suppose -2*i = -3*i - 4. Let r = 2 - i. Is r composite?
True
Let b(f) = -f + 4. Let z be b(0). Suppose 19 = 5*g + z. Suppose 648 = 5*y + g*v - 316, -y + 4*v = -179. Is y a composite number?
False
Let f(m) = m - 5. Let o be f(10). Let s = o + 0. Suppose s*t - 450 = 5*z, 0 = 2*t + 3*t + 5*z - 440. Is t composite?
False
Let w(h) = h**2 - h + 2. Let y be w(2). Suppose -3*l - y + 49 = 0. Is l composite?
True
Let u = -85 - -151. Suppose 0 = -y - 2*y + u. Is y prime?
False
Let c be -63 + 2 + (-3)/(-1). Let m = 29 - c. Is m prime?
False
Let x(g) = g**2 - 4*g + 8. Is x(-15) a composite number?
False
Let m(k) = -k**3 + k**2 - k - 9. Let v be m(0). Let j(z) = 2*z**2 + 12*z + 3. Is j(v) a prime number?
False
Let x = 218 + 267. Is x prime?
False
Suppose 5*m - 2420 = 4*k - 14401, 0 = -3*k + 2*m + 8991. Is k a prime number?
True
Let c(f) = 189*f**2 - 2*f - 3. Is c(-2) prime?
True
Let x = 11 - 3. Is (-3)/(-4) + 106/x a prime number?
False
Suppose -3*l = 21 + 15. Let f(g) = -g**3 - 12*g**2 - 19*g - 17. Is f(l) a composite number?
False
Suppose 5*g + 350 = 1135. Is g/(-1 + 0 + 2) prime?
True
Suppose 3*o + 0*o - 9 = 0, -4*a - 3*o = -45. Let c = a + -7. Suppose c*w - 138 - 32 = 0. Is w a composite number?
True
Suppose 0 = 4*l - 2*j - 0*j - 516, 3*l - 3*j - 387 = 0. Is l composite?
True
Let p(v) = 239*v + 3. Is p(2) a composite number?
True
Let h(c) = -c**3 - 4*c**2 + 5*c + 4. Let m be h(-5). Let a(b) = -2*b - 3*b + 35 + m*b. Is a(0) prime?
False
Let h(q) = 4 + 0 - 10*q - q. Suppose -4*x = -5*i + i - 8, 3*x = -3. Is h(i) a prime number?
True
Let k = 629 - 156. Is k prime?
False
Let c = 3 - 16. Let q = c + 23. Let l(f) = f**2 - 9. Is l(q) a prime number?
False
Let p(q) = -q**2 - 8*q - 4. Let c be p(-7). Suppose -242 = -c*r + 139. Is r prime?
True
Let n = -42 - -30. Is (-2 + (-788)/n)*3 composite?
False
Suppose -p = 4*m - 0*p - 2165, -2*p + 1625 = 3*m. Is m composite?
False
Let p(w) = 6*w - 1 + 0 + w**2 - w. Let l be p(-5). Is (-4 - 3)/(l/3) composite?
True
Let f = 18 + -14. Suppose f*o = -o + 635. Is o composite?
False
Suppose 0*r = -4*r - 12, r = -3*n + 1002. Is n prime?
False
Let a = -11 - -54. Is a a prime number?
True
Let z = 129 + -71. Is z a prime number?
False
Is (5 + 0)*(15 - 4) a prime number?
False
Suppose 1872 - 9942 = -6*r. Is r a composite number?
True
Is (-2 + 3)*-1 + 128 composite?
False
Let a(h) = 2 - 3 + 63*h + 91*h. Is a(2) a prime number?
True
Suppose -5*y - 4*i + 2*i = -6, 4*y + 3 = i. Suppose y*s = 2*s - 38. Is s a composite number?
False
Let o be (6/(-5))/((-4)/10). Let p(g) = 2*g - 4. Let w be p(o). Suppose w*v - 7 + 1 = 0. Is v a prime number?
True
Let f(z) = -34*z**2 + 2*z + 3. Let d be f(3). Let q = 446 + d. Is q composite?
False
Let d(s) = 90*s + 3. Let b be d(-5). Let x = 754 + b. Is x prime?
True
Let p be -3 - (-5 + 4 + -1). Is 1/p - -68*1 composite?
False
Let x be (-8)/10*(-15)/6. Suppose -5*k + 74 = 4*a, -k + 38 = x*a + k. Let i = -14 + a. Is i a prime number?
True
Is 3*(1023/9 + -2) a composite number?
True
Is 2/((4/(-10))/(-2)) a prime number?
False
Let t(b) = -22*b + 17*b - 26*b + 7 - 15*b. Is t(-5) composite?
True
Let n